emainder when 13 is divided by w?
3
Suppose -83 = -8*j + 45. Calculate the remainder when 47 is divided by j.
15
Let o be (10/(-25))/((-3)/(-30)). What is the remainder when 120/(-35)*14/o is divided by 7?
5
Let q = 25 + -17. Let h be (3/(-2))/(-1) + 120/80. Suppose -4*v + 9 = -h. What is the remainder when q is divided by v?
2
Let g = 325 + -303. Calculate the remainder when 28 is divided by g.
6
Let p be (33 + -32)/(2/(-228)). Let v = 200 + p. Calculate the remainder when v is divided by 24.
14
Let g = 23 - 20. Suppose 30 = g*a - a. Calculate the remainder when (-3)/(-15) - (-102)/a is divided by 4.
3
Let g(y) = 2*y**3 + 74*y**2 - 2*y - 58. Let m(n) = n**2 - n - 10. What is the remainder when m(-7) is divided by g(-37)?
14
Let i = 180 + -111. What is the remainder when i - (-5)/((-20)/12) is divided by (-68)/(-16)*40/10?
15
Let f(i) = 5*i + 217. What is the remainder when 107 is divided by f(-38)?
26
Let u(f) = -4*f**2 + 178*f + 11. What is the remainder when u(44) is divided by 3?
0
Let l(d) = 18*d**2 + 10*d - 7. What is the remainder when l(3) is divided by 11?
9
Let a = 162 + -6. What is the remainder when a is divided by 14?
2
Let j(y) = -y**3 - 4*y**2 - 4*y - 12. Let q = 11 + -6. What is the remainder when j(-4) is divided by (-10)/q + (-4)/(-1)?
0
Let w(k) = -k**3 - 12*k**2 - 4*k + 41. What is the remainder when w(-12) is divided by 30?
29
Let u(l) = 21*l**2 + 37*l - 3. What is the remainder when 44 is divided by u(-2)?
2
Let m(r) = -2*r**3 - 8*r**2 - 4*r + 4. Let q(a) = -a**2 - 9*a - 13. Let y be q(-8). What is the remainder when m(y) is divided by 20?
14
Let d = -50 + 79. Let u(h) = -10*h**3 + 2*h**2. Let p be u(1). Let b = 64 + p. What is the remainder when b is divided by d?
27
Let o = 63 + 216. Calculate the remainder when o is divided by 10.
9
Calculate the remainder when 84 + ((-7)/(-1) - (-85)/(-17)) is divided by 22.
20
Suppose -16*v = -7184 - 5088. Calculate the remainder when v is divided by 48.
47
Suppose 5*h + 20 = 6*h - 3*b, 4 = -b. Calculate the remainder when 73 is divided by 23 - (h + -1 + -3*1).
16
Let z = 22 + -20. Suppose -76 = -2*r + 4*a, 32 + 50 = 2*r + z*a. Calculate the remainder when r is divided by 14.
12
Suppose 9 + 3170 = 11*u. What is the remainder when u is divided by 73?
70
Let b = 685 - 544. What is the remainder when b is divided by 16?
13
Suppose -13 = -r - c, -128*r - 12 = -127*r - 4*c. What is the remainder when r is divided by (8/(-10))/(3/(-15))?
0
Let z(g) = g**2 - 4*g - 3. Let u(f) = -f**2 - 11*f - 13. Suppose 3*b - w - 2 = -23, -5*b + 5*w - 45 = 0. What is the remainder when u(b) is divided by z(-2)?
8
Suppose -8*y + 6 = -6*y. Suppose -5*t = 5*a - 280, t - 27 - 25 = y*a. Calculate the remainder when t is divided by 19.
17
Let p = -170 - -175. Suppose 5*r = p*h + 2*r - 147, -3*h - 4*r = -94. What is the remainder when 87 is divided by h?
27
Suppose 3*q - 5*o + 3*o = -14, -3*q - 8 = 4*o. What is the remainder when 47 is divided by q/(-6) + (-368)/(-24)?
15
Let h = 175 + -119. Calculate the remainder when h is divided by 17.
5
Calculate the remainder when (4/14 - 9/7) + 177 is divided by 30.
26
Suppose 3*q - 59 = 2*t, t - 5*t + 18 = 2*q. Calculate the remainder when 71 is divided by q.
3
Let k = 744 - 134. What is the remainder when k is divided by 34?
32
Let y = -163 - -183. Calculate the remainder when 119 is divided by y.
19
Let b = -34 - -37. Let s be (-84)/(3 + 36/(-8)). Calculate the remainder when s/5 + (-1)/5 is divided by b.
2
Suppose 0*z - z = 3*z. Suppose -3*y + 4*o + 67 = z, -8*o + 3*o = -3*y + 62. Calculate the remainder when y is divided by 15.
14
Let v = 139 - -1532. What is the remainder when v is divided by 11?
10
Suppose -3*b + 2*b - s - 35 = 0, 3*s - 6 = 0. Let t = -23 - b. Calculate the remainder when 21 is divided by ((-1)/(-1))/(t/112).
5
Let v(m) = 19*m**2 + 8*m - 1. Calculate the remainder when 106 is divided by v(-2).
47
Suppose -w + 21 = -z, 2*z = -8*w + 5*w + 53. Calculate the remainder when 303 is divided by w.
18
Let f(h) = h**3 - 7*h**2 - h - 3. Let u(j) = 4 - 5 + 3 - 1. Let t(q) = -f(q) + 5*u(q). What is the remainder when t(7) is divided by 9?
6
Let n(h) = 7*h**2 + 1. Let b be n(3). Suppose -26 = -3*o + b. Suppose 3*z = 6*z - 24. Calculate the remainder when o is divided by z.
6
Suppose 2*q = -0*d - 5*d + 57, -10 = 2*d. What is the remainder when q is divided by 15?
11
Let z = 18 - 43. Suppose 2*v + 7*p - 8*p - 20 = 0, 2*v = -3*p + 20. What is the remainder when 58 is divided by v/z - (-152)/5?
28
Let h(c) = -24*c - 1. Calculate the remainder when h(-3) is divided by 20.
11
Let r(z) be the second derivative of z**3/3 + 37*z**2/2 + z. What is the remainder when r(0) is divided by 10?
7
Suppose -953*x + 954*x - 7 = 0. What is the remainder when 60 is divided by x?
4
Let b = 8 - 4. Suppose 5*i - b - 6 = 0. Calculate the remainder when (34/4)/(i/4) is divided by 9.
8
Suppose 0*j + 72 = 3*j. Let m be (-18)/4*j/6. Calculate the remainder when 42 is divided by m*(1/(-2) + 0).
6
Let r(c) = 10*c**2 + 13*c + 4. What is the remainder when 26 is divided by r(-2)?
8
Suppose -2*b = h - 69 - 65, 0 = -h - b + 129. What is the remainder when h is divided by 14?
12
Suppose 3*k + 15 = 4*x, 3*x - x + 3*k + 15 = 0. Suppose -18*b + 14*b + 48 = x. What is the remainder when 80 is divided by b?
8
Let b(s) = 4*s + 58. Let r(c) = 3*c + 59. Let w(v) = -5*b(v) + 4*r(v). What is the remainder when w(-13) is divided by 30?
20
Let g = 11 + -11. Suppose g = 27*o - 23*o - 32. What is the remainder when 52 is divided by o?
4
Calculate the remainder when 126 is divided by ((-3801)/28)/(-3) + 10/(-8).
38
Suppose -30 = -a - a. What is the remainder when 66 + (12/20 - 380/50) is divided by a?
14
Let l(x) be the first derivative of -2*x**3/3 + 10*x**2 - 6*x - 30. Let t = 19 - 7. What is the remainder when l(5) is divided by t?
8
Let w(v) = v**3 + 5*v**2 - 2*v - 4. Let t be w(-5). Let r(a) = -a**2 + 8*a + 1. Calculate the remainder when 36 is divided by r(t).
10
Suppose -5*z + 4*b = -113, 0 = 7*z - 4*z - 2*b - 69. What is the remainder when 298 is divided by z?
23
Let b be -3*(-22)/(-2) - (28 + -27). Let l = -27 - b. What is the remainder when (-122)/(-3) + 3/9 is divided by l?
6
Let f(g) = -g**3 + 7*g**2 - 5*g - 2. Let y(p) = p**3 + 12*p**2 + 22*p + 35. What is the remainder when f(4) is divided by y(-10)?
11
Let k = -218 + 220. Calculate the remainder when 13 is divided by k.
1
Suppose 0 = -2*c + 3*k + 17, -4 = 719*c - 720*c - 3*k. Suppose -5*u + 141 = -2*u. Calculate the remainder when u is divided by c.
5
Suppose 0*h + 2*h = 6. Suppose h*d + 42 - 162 = 0. Suppose 0 = -0*o + 2*o - d. What is the remainder when 37 is divided by o?
17
Let u(z) = z**3 + 7*z**2 - 21*z - 5. Let v be u(-9). Let p = v - 17. Calculate the remainder when 13 is divided by p.
3
Suppose -3*p = -5*z - 110, -5 = 2*p + 5. Let j = -11 - z. What is the remainder when j is divided by (-275)/(-30) - 1/6?
5
Let c = -69 - -21. Let b = 10 - c. What is the remainder when b is divided by 32?
26
Suppose 74*l = 59*l + 450. Calculate the remainder when 86 is divided by l.
26
Suppose 3*q + 4*o - 62 = 0, 3*q + 4*o = 6*q - 70. Suppose 2*a + 151 - 369 = 0. Let f = 194 - a. What is the remainder when f is divided by q?
19
Suppose 2*o + 15 = 5*y, -5*y + o + 19 = 4. Suppose -s = 2*k - 8, y*k - 3*s - 2 = 19. Calculate the remainder when 17 is divided by k.
2
Suppose 0 = -12*t + 8*t - 2*h + 130, 0 = -5*t - 4*h + 158. What is the remainder when 59 is divided by t?
25
Let w(f) = -f + 0*f - f**3 + 8 + 5*f**2 + 3*f**3 - f**3. What is the remainder when 49 is divided by w(-5)?
10
Let l = 186 - 106. Suppose -28 = -4*v + l. Calculate the remainder when 77 is divided by v.
23
Let h = -23 - -38. Suppose -5*r + 26 = 4*a, -5*a - h = -4*r - 68. Calculate the remainder when 15 is divided by a.
6
Suppose 0 = -3*y + 39 + 27. Suppose -2*c - 30 = -7*c. What is the remainder when y is divided by c?
4
What is the remainder when (-686)/(-9) - (-48)/(-216) is divided by (12/18)/(2/60)?
16
Let g = 85 + -75. Calculate the remainder when g + -3 - (-7 + 1 + 2) is divided by 5.
1
Suppose 3*y = 143 + 205. What is the remainder when y is divided by -7*(-15)/105*17?
14
What is the remainder when 89 is divided by 27 - ((-63)/(-9) + -3)?
20
Suppose a - 5*a = -56. What is the remai